reatest common divisor of 84940 and 2192.
548
Calculate the greatest common divisor of 9160587 and 27.
27
Calculate the greatest common factor of 1782 and 39.
3
Calculate the greatest common divisor of 741617 and 749.
107
Calculate the greatest common factor of 316 and 218277.
79
Calculate the greatest common divisor of 26 and 18993.
13
What is the greatest common factor of 25536 and 21088?
32
What is the highest common factor of 6924 and 60?
12
What is the greatest common factor of 850 and 1164925?
425
What is the highest common divisor of 769995 and 241?
241
What is the greatest common factor of 2839 and 255?
17
Calculate the highest common factor of 42984 and 8.
8
Calculate the greatest common factor of 8560 and 1360.
80
Calculate the highest common divisor of 680808 and 18.
6
What is the highest common divisor of 825 and 196710?
15
What is the greatest common divisor of 77 and 287595?
77
Calculate the greatest common factor of 2265 and 21.
3
Calculate the greatest common factor of 82 and 48626.
82
Calculate the highest common divisor of 15846 and 109254.
834
Calculate the highest common divisor of 539 and 8129.
11
Calculate the greatest common divisor of 8688 and 87785.
181
What is the greatest common factor of 2097 and 3?
3
Calculate the greatest common factor of 800 and 601120.
160
Calculate the highest common factor of 7160 and 35780.
20
What is the highest common factor of 1535358 and 516?
258
What is the greatest common factor of 4117 and 161?
23
Calculate the highest common divisor of 3 and 39114.
3
What is the greatest common divisor of 133 and 12635?
133
Calculate the highest common divisor of 141 and 110967.
141
What is the greatest common factor of 33 and 1659?
3
Calculate the highest common factor of 334856 and 228.
76
Calculate the greatest common factor of 5244 and 22494.
138
Calculate the highest common factor of 270 and 2162970.
270
Calculate the highest common divisor of 573 and 12.
3
Calculate the greatest common divisor of 10537 and 6939.
257
What is the highest common factor of 12312 and 356562?
162
Calculate the greatest common factor of 119434 and 1596.
266
Calculate the highest common factor of 6400 and 96.
32
Calculate the highest common divisor of 3124 and 88892.
284
What is the highest common divisor of 3084 and 184783?
257
Calculate the greatest common divisor of 3956 and 736.
92
What is the greatest common factor of 3768 and 1026152?
1256
What is the highest common factor of 798 and 28462?
266
What is the highest common divisor of 8 and 249092?
4
Calculate the greatest common factor of 8007 and 918.
51
Calculate the highest common factor of 425910 and 30.
30
What is the highest common divisor of 27634 and 6642?
82
What is the greatest common factor of 6440 and 310?
10
What is the highest common divisor of 33 and 120923?
11
Calculate the greatest common divisor of 278 and 21823.
139
Calculate the greatest common factor of 1122186 and 78.
78
Calculate the highest common factor of 3780 and 6440.
140
Calculate the greatest common divisor of 2786 and 896.
14
Calculate the greatest common factor of 11968 and 12160.
64
What is the greatest common divisor of 1157392 and 144?
16
Calculate the greatest common factor of 60 and 568245.
15
What is the highest common divisor of 9672 and 12927?
93
Calculate the highest common factor of 4632 and 4296.
24
What is the greatest common divisor of 45875 and 200?
25
What is the greatest common divisor of 34548 and 16?
4
What is the greatest common divisor of 8626 and 95?
19
What is the greatest common factor of 45 and 4599?
9
What is the greatest common divisor of 17 and 4023424?
17
Calculate the greatest common factor of 46695 and 1155.
165
What is the highest common factor of 18990 and 20?
10
Calculate the greatest common divisor of 12557 and 191819.
433
What is the highest common divisor of 34866 and 3692?
26
What is the greatest common divisor of 81 and 23571?
81
What is the highest common divisor of 433917 and 2574?
99
What is the greatest common divisor of 248 and 6634?
62
Calculate the greatest common divisor of 140 and 459140.
20
Calculate the highest common factor of 18 and 6613983.
9
Calculate the greatest common factor of 772476 and 12.
12
What is the highest common divisor of 29440 and 270?
10
Calculate the highest common divisor of 98365 and 1337.
191
What is the greatest common factor of 20 and 124870?
10
What is the highest common divisor of 205 and 8077?
41
Calculate the highest common factor of 24 and 162152.
8
What is the highest common divisor of 1905819 and 51?
51
Calculate the highest common divisor of 48 and 198456.
24
What is the highest common factor of 1620 and 2638170?
810
What is the highest common factor of 150 and 3408?
6
What is the greatest common factor of 156 and 30628?
52
Calculate the highest common factor of 2142 and 1072666.
238
Calculate the greatest common factor of 134 and 2345.
67
What is the greatest common divisor of 3791 and 353009?
223
Calculate the highest common divisor of 65 and 712255.
5
Calculate the highest common divisor of 5335 and 385.
55
What is the greatest common divisor of 70 and 227570?
70
Calculate the highest common divisor of 4992 and 103272.
312
What is the highest common divisor of 6760 and 1755?
65
What is the highest common factor of 499241 and 259?
37
What is the greatest common divisor of 98870 and 10?
10
What is the highest common divisor of 24 and 918560?
8
Calculate the greatest common factor of 116076 and 1836.
204
Calculate the highest common divisor of 1189 and 32677.
41
What is the greatest common factor of 84 and 37212?
84
Calculate the highest common factor of 165030 and 200.
10
Calculate the greatest common divisor of 1872 and 27014.
26
What is the highest common factor of 44 and 40095?
11
Calculate the highest common divisor of 168920 and 123.
41
Calculate the greatest common divisor of 3555 and 3195.
45
Calculate the greatest common divisor of 10241 and 615923.
1463
What is the greatest common factor of 1236228 and 42?
42
Calculate the highest common factor of 8643 and 1407.
201
Calculate the highest common factor of 27 and 1345878.
9
Calculate the greatest common divisor of 40794 and 2028.
78
Calculate the highest common divisor of 408 and 99144.
408
What is the highest common factor of 50 and 15150?
50
Calculate the highest common factor of 14936 and 8.
8
Calculate the highest common divisor of 22 and 95194.
22
Calculate the highest common factor of 238 and 994.
14
Calculate the greatest common factor of 165009 and 429.
39
Calculate the highest common divisor of 2 and 28384.
2
Calculate the highest common divisor of 513 and 2619.
27
Calculate the greatest common divisor of 9848505 and 645.
645
Calculate the highest common factor of 104 and 488.
8
What is the highest common factor of 23156 and 140?
28
Calculate the greatest common factor of 82806 and 444.
222
Calculate the highest common divisor of 1020 and 94350.
510
Calculate the highest common divisor of 467660 and 4020.
1340
Calculate the highest common factor of 7155 and 351.
27
Calculate the highest common divisor of 220 and 505940.
20
What is the greatest common factor of 23 and 6586602?
23
Calculate the highest common divisor of 405440 and 40.
40
Calculate the greatest common divisor of 22020 and 540.
60
What is the greatest common divisor of 7257 and 44604?
177
Calculate the highest common factor of 11745 and 87.
87
What is the highest common divisor of 301 and 860?
43
Calculate the greatest common divisor of 238293 and 1245.
249
Calculate the greatest common factor of 224 and 171568.
16
What is the highest common divisor of 321516 and 9828?
1404
What is the highest common divisor of 12 and 13749?
3
Calculate the greatest common divisor of 195143 and 221.
221
Calculate the greatest common factor of 241052 and 392.
28
What is the greatest common divisor of 84 and 12390?
42
Calculate the greatest common factor of 121742 and 667.
29
What is the highest common divisor of 336558 and 78?
6
What is the highest common factor of 2088 and 486?
18
What is the greatest common divisor of 1952964 and 642?
642
Calculate the greatest common factor of 11281 and 2726.
29
What is the highest common factor of 45 and 80037?
9
Calculate the highest common divisor